{"id":17,"date":"2023-11-11T22:00:13","date_gmt":"2023-11-11T21:00:13","guid":{"rendered":"https:\/\/dreamymegane.com\/?page_id=17"},"modified":"2023-11-30T16:06:11","modified_gmt":"2023-11-30T15:06:11","slug":"qui-suis-je","status":"publish","type":"page","link":"https:\/\/dreamymegane.com\/index.php\/qui-suis-je\/","title":{"rendered":"Qui suis-je ?"},"content":{"rendered":"\n<div class=\"wp-block-cover alignfull is-light has-parallax ona-hero\" style=\"min-height:330px\"><span aria-hidden=\"true\" class=\"wp-block-cover__background has-background-dim-30 has-background-dim\" style=\"background-color:#111111\"><\/span><div role=\"img\" class=\"wp-block-cover__image-background wp-image-607 has-parallax\" style=\"background-position:50% 50%;background-image:url(https:\/\/dreamymegane.com\/wp-content\/uploads\/2023\/11\/20210512_165519-2-scaled.jpg)\"><\/div><div class=\"wp-block-cover__inner-container is-layout-flow wp-block-cover-is-layout-flow\">\n<div class=\"wp-block-group is-layout-constrained wp-container-1 wp-block-group-is-layout-constrained\">\n<h1 class=\"wp-block-heading has-text-align-center has-light-color has-text-color has-x-large-font-size\" id=\"hello-i-m-ona-and-this-is-my-personal-travel-journal\">Qui suis-je ?<\/h1>\n<\/div>\n<\/div><\/div>\n\n\n\n<div class=\"wp-block-columns alignwide are-vertically-aligned-center is-layout-flex wp-container-5 wp-block-columns-is-layout-flex\">\n<div class=\"wp-block-column is-vertically-aligned-center is-layout-flow wp-block-column-is-layout-flow\">\n<h1 class=\"wp-block-heading has-text-align-center is-style-ona-alt-font has-text-color has-medium-large-font-size\" id=\"my-travel-gear\" style=\"color:#df93af;line-height:1.2\">Bonjour&nbsp;!<\/h1>\n\n\n\n<p>Je m&#8217;appelle M\u00e9gane, je suis bordelaise et j\u2019ai v\u00e9cu 4 ans \u00e0 S\u00e9oul, en Cor\u00e9e du Sud. Aujourd\u2019hui, entre France et Cor\u00e9e, je partage ma vie quotidienne, mes bonnes adresses et astuces sur les r\u00e9seaux sociaux !<\/p>\n\n\n\n<h4 class=\"wp-block-heading has-text-color\" style=\"color:#df93af\">Et si on remontait un peu le temps ?<\/h4>\n\n\n\n<p>Quand je rencontre de nouvelles personnes, on me demande souvent &#8220;Mais pourquoi la Cor\u00e9e ?&#8221; \u00c7a a commenc\u00e9 il y a plus de 10 ans, au travers de mes rencontres avec des cor\u00e9ens et de la d\u00e9couverte de la musique et de la culture.<\/p>\n<\/div>\n\n\n\n<div class=\"wp-block-column is-vertically-aligned-center is-layout-flow wp-block-column-is-layout-flow\">\n<figure class=\"wp-block-image aligncenter size-large is-resized\"><img decoding=\"async\" width=\"1024\" height=\"983\" src=\"https:\/\/dreamymegane.com\/wp-content\/uploads\/2023\/11\/qui-suis-je-2-1024x983.png\" alt=\"qui suis je dreamymegane\" class=\"wp-image-608\" style=\"aspect-ratio:1.0417090539165819;width:402px;height:auto\" srcset=\"https:\/\/dreamymegane.com\/wp-content\/uploads\/2023\/11\/qui-suis-je-2-1024x983.png 1024w, https:\/\/dreamymegane.com\/wp-content\/uploads\/2023\/11\/qui-suis-je-2-300x288.png 300w, https:\/\/dreamymegane.com\/wp-content\/uploads\/2023\/11\/qui-suis-je-2-768x737.png 768w, https:\/\/dreamymegane.com\/wp-content\/uploads\/2023\/11\/qui-suis-je-2.png 1049w\" sizes=\"(max-width: 1024px) 100vw, 1024px\" \/><\/figure>\n<\/div>\n<\/div>\n\n\n\n<div class=\"wp-block-columns alignfull has-background is-layout-flex wp-container-7 wp-block-columns-is-layout-flex\" style=\"background-color:#faf4ed\">\n<div class=\"wp-block-column is-layout-flow wp-block-column-is-layout-flow\">\n<p>En 2012, je suis partie pour la toute premi\u00e8re fois en voyage \u00e0 S\u00e9oul, avec une amie proche. Nous sommes parties un mois en plein \u00e9t\u00e9, pour d\u00e9couvrir de nos propres yeux ce pays qui nous faisait r\u00eaver. Il faut dire que la Cor\u00e9e n\u2019\u00e9tait pas encore aussi populaire que maintenant ! On trouvait beaucoup moins d\u2019informations pour voyager, mais les choses ont bien chang\u00e9es depuis !<\/p>\n\n\n\n<p>Je suis revenue dans mon pays de c\u0153ur en 2013 et 2014 avec un objectif pr\u00e9cis : \u00e9tudier le cor\u00e9en \u00e0 l\u2019universit\u00e9. C\u2019\u00e9tait clairement l\u2019une des meilleures exp\u00e9riences de ma vie ! C&#8217;est de retour en France que je me suis fait la promesse de retourner en Cor\u00e9e pour tenter l\u2019exp\u00e9rience professionnelle !<\/p>\n<\/div>\n<\/div>\n\n\n\n<div class=\"wp-block-columns alignwide are-vertically-aligned-center is-layout-flex wp-container-12 wp-block-columns-is-layout-flex\">\n<div class=\"wp-block-column is-vertically-aligned-center is-layout-flow wp-block-column-is-layout-flow\">\n<div class=\"wp-block-columns is-layout-flex wp-container-10 wp-block-columns-is-layout-flex\">\n<div class=\"wp-block-column is-layout-flow wp-block-column-is-layout-flow\" style=\"flex-basis:33.33%\">\n<figure class=\"wp-block-image size-large is-resized\"><img decoding=\"async\" width=\"1024\" height=\"868\" src=\"https:\/\/dreamymegane.com\/wp-content\/uploads\/2023\/11\/qui-suis-je-3-1024x868.png\" alt=\"qui suis je\" class=\"wp-image-609\" style=\"aspect-ratio:1.1797235023041475;width:316px;height:auto\" srcset=\"https:\/\/dreamymegane.com\/wp-content\/uploads\/2023\/11\/qui-suis-je-3-1024x868.png 1024w, https:\/\/dreamymegane.com\/wp-content\/uploads\/2023\/11\/qui-suis-je-3-300x254.png 300w, https:\/\/dreamymegane.com\/wp-content\/uploads\/2023\/11\/qui-suis-je-3-768x651.png 768w, https:\/\/dreamymegane.com\/wp-content\/uploads\/2023\/11\/qui-suis-je-3-1170x992.png 1170w, https:\/\/dreamymegane.com\/wp-content\/uploads\/2023\/11\/qui-suis-je-3.png 1210w\" sizes=\"(max-width: 1024px) 100vw, 1024px\" \/><\/figure>\n<\/div>\n\n\n\n<div class=\"wp-block-column is-layout-flow wp-block-column-is-layout-flow\" style=\"flex-basis:66.66%\">\n<h4 class=\"wp-block-heading has-text-color\" style=\"color:#df93af\">Le retour tant attendu en Cor\u00e9e<\/h4>\n\n\n\n<p>Il m\u2019aura fallu 5 longues ann\u00e9es pour revenir, enfin, en Cor\u00e9e. Apr\u00e8s avoir termin\u00e9 mes \u00e9tudes entre Montpellier et Paris et une ann\u00e9e et demi en CDI, j\u2019ai fait le choix de partir une nouvelle fois \u00e0 l&#8217;aventure, mais cette fois-ci, avec un visa PVT (Vacances-Travail) ! Je souhaitais me servir de cette p\u00e9riode pour vivre \u00e0 fond, tenter plein de choses et surtout, essayer de trouver un travail pour me permettre de rester !<br>En pleine p\u00e9riode de crise sanitaire, j&#8217;ai eu la chance de recevoir une proposition pour travailler en tant que professeur de fran\u00e7ais dans un institut priv\u00e9, et j\u2019ai d\u00e9cid\u00e9 de tenter l\u2019exp\u00e9rience (qui n\u2019a pas \u00e9t\u00e9 de tout repos) ! Apr\u00e8s deux longues ann\u00e9es en tant que prof, j\u2019ai finalement fait le choix de partir vers de nouveaux horizons !<\/p>\n<\/div>\n<\/div>\n<\/div>\n<\/div>\n\n\n\n<div class=\"wp-block-media-text alignwide has-media-on-the-right is-stacked-on-mobile\" style=\"grid-template-columns:auto 53%\"><div class=\"wp-block-media-text__content\">\n<p class=\"has-text-align-right\">Pendant mes ann\u00e9es en Cor\u00e9e, j\u2019ai \u00e9galement \u00e9t\u00e9 ambassadrice de la ville de S\u00e9oul par le biais du programme Global Seoul Mate, mais aussi Cor\u00e9atrice avec l\u2019Ambassade de Cor\u00e9e en France ! Ces deux programmes m\u2019ont permis de pousser encore plus loin mon exp\u00e9rience de vie en Cor\u00e9e et m\u2019ont vraiment inspir\u00e9s \u00e0 vous partager mon quotidien, mes aventures, mes adresses pr\u00e9f\u00e9r\u00e9es et mes conseils !<\/p>\n<\/div><figure class=\"wp-block-media-text__media\"><img decoding=\"async\" width=\"1024\" height=\"460\" src=\"https:\/\/dreamymegane.com\/wp-content\/uploads\/2023\/11\/qui-suis-je-1-1024x460.png\" alt=\"qui suis je\" class=\"wp-image-606 size-full\" srcset=\"https:\/\/dreamymegane.com\/wp-content\/uploads\/2023\/11\/qui-suis-je-1-1024x460.png 1024w, https:\/\/dreamymegane.com\/wp-content\/uploads\/2023\/11\/qui-suis-je-1-300x135.png 300w, https:\/\/dreamymegane.com\/wp-content\/uploads\/2023\/11\/qui-suis-je-1-768x345.png 768w, https:\/\/dreamymegane.com\/wp-content\/uploads\/2023\/11\/qui-suis-je-1-1536x690.png 1536w, https:\/\/dreamymegane.com\/wp-content\/uploads\/2023\/11\/qui-suis-je-1-1170x526.png 1170w, https:\/\/dreamymegane.com\/wp-content\/uploads\/2023\/11\/qui-suis-je-1.png 1920w\" sizes=\"(max-width: 1024px) 100vw, 1024px\" \/><\/figure><\/div>\n\n\n\n<p class=\"has-text-align-center\">J\u2019esp\u00e8re que ce petit blog pourra vous aider dans votre recherche d\u2019informations et vous aidera dans la pr\u00e9paration de vos futurs voyages \u00e0 travers S\u00e9oul et la Cor\u00e9e !<\/p>\n\n\n\n<h1 class=\"wp-block-heading has-text-align-right is-style-ona-alt-font has-text-color\" style=\"color:#df93af\">Love you !<\/h1>\n\n\n\n<div style=\"height:10px\" aria-hidden=\"true\" class=\"wp-block-spacer\"><\/div>\n","protected":false},"excerpt":{"rendered":"<p>Bonjour&nbsp;! Je m&#8217;appelle M\u00e9gane, je suis bordelaise et j\u2019ai v\u00e9cu 4 ans \u00e0 S\u00e9oul, en Cor\u00e9e du Sud. Aujourd\u2019hui, entre France et Cor\u00e9e, je partage ma vie quotidienne, mes bonnes adresses et astuces sur les r\u00e9seaux sociaux ! Et si on remontait un peu le temps ? Quand je rencontre de nouvelles personnes, on me [&hellip;]<\/p>\n","protected":false},"author":1,"featured_media":0,"parent":0,"menu_order":0,"comment_status":"closed","ping_status":"closed","template":"","meta":{"_monsterinsights_skip_tracking":false,"_monsterinsights_sitenote_active":false,"_monsterinsights_sitenote_note":"","_monsterinsights_sitenote_category":0,"footnotes":""},"yoast_head":"<!-- This site is optimized with the Yoast SEO plugin v22.4 - https:\/\/yoast.com\/wordpress\/plugins\/seo\/ -->\n<title>Qui suis-je ? - dreamymegane.com<\/title>\n<meta name=\"description\" content=\"Sur ce blog, je partage avec vous mes astuces et retours d&#039;exp\u00e9rience en Cor\u00e9e ! RDV sur la page &quot;Qui suis je&quot; pour d\u00e9couvrir mon parcours !\" \/>\n<meta name=\"robots\" content=\"index, follow, max-snippet:-1, max-image-preview:large, max-video-preview:-1\" \/>\n<link rel=\"canonical\" href=\"https:\/\/dreamymegane.com\/index.php\/qui-suis-je\/\" \/>\n<meta property=\"og:locale\" content=\"en_US\" \/>\n<meta property=\"og:type\" content=\"article\" \/>\n<meta property=\"og:title\" content=\"Qui suis-je ? - dreamymegane.com\" \/>\n<meta property=\"og:description\" content=\"Sur ce blog, je partage avec vous mes astuces et retours d&#039;exp\u00e9rience en Cor\u00e9e ! RDV sur la page &quot;Qui suis je&quot; pour d\u00e9couvrir mon parcours !\" \/>\n<meta property=\"og:url\" content=\"https:\/\/dreamymegane.com\/index.php\/qui-suis-je\/\" \/>\n<meta property=\"og:site_name\" content=\"dreamymegane.com\" \/>\n<meta property=\"article:modified_time\" content=\"2023-11-30T15:06:11+00:00\" \/>\n<meta property=\"og:image\" content=\"https:\/\/dreamymegane.com\/wp-content\/uploads\/2023\/11\/qui-suis-je-2-1024x983.png\" \/>\n<meta name=\"twitter:card\" content=\"summary_large_image\" \/>\n<meta name=\"twitter:label1\" content=\"Est. reading time\" \/>\n\t<meta name=\"twitter:data1\" content=\"3 minutes\" \/>\n<script type=\"application\/ld+json\" class=\"yoast-schema-graph\">{\"@context\":\"https:\/\/schema.org\",\"@graph\":[{\"@type\":\"WebPage\",\"@id\":\"https:\/\/dreamymegane.com\/index.php\/qui-suis-je\/\",\"url\":\"https:\/\/dreamymegane.com\/index.php\/qui-suis-je\/\",\"name\":\"Qui suis-je ? - dreamymegane.com\",\"isPartOf\":{\"@id\":\"https:\/\/dreamymegane.com\/#website\"},\"primaryImageOfPage\":{\"@id\":\"https:\/\/dreamymegane.com\/index.php\/qui-suis-je\/#primaryimage\"},\"image\":{\"@id\":\"https:\/\/dreamymegane.com\/index.php\/qui-suis-je\/#primaryimage\"},\"thumbnailUrl\":\"https:\/\/dreamymegane.com\/wp-content\/uploads\/2023\/11\/qui-suis-je-2-1024x983.png\",\"datePublished\":\"2023-11-11T21:00:13+00:00\",\"dateModified\":\"2023-11-30T15:06:11+00:00\",\"description\":\"Sur ce blog, je partage avec vous mes astuces et retours d'exp\u00e9rience en Cor\u00e9e ! RDV sur la page \\\"Qui suis je\\\" pour d\u00e9couvrir mon parcours !\",\"breadcrumb\":{\"@id\":\"https:\/\/dreamymegane.com\/index.php\/qui-suis-je\/#breadcrumb\"},\"inLanguage\":\"en-US\",\"potentialAction\":[{\"@type\":\"ReadAction\",\"target\":[\"https:\/\/dreamymegane.com\/index.php\/qui-suis-je\/\"]}]},{\"@type\":\"ImageObject\",\"inLanguage\":\"en-US\",\"@id\":\"https:\/\/dreamymegane.com\/index.php\/qui-suis-je\/#primaryimage\",\"url\":\"https:\/\/dreamymegane.com\/wp-content\/uploads\/2023\/11\/qui-suis-je-2.png\",\"contentUrl\":\"https:\/\/dreamymegane.com\/wp-content\/uploads\/2023\/11\/qui-suis-je-2.png\",\"width\":1049,\"height\":1007},{\"@type\":\"BreadcrumbList\",\"@id\":\"https:\/\/dreamymegane.com\/index.php\/qui-suis-je\/#breadcrumb\",\"itemListElement\":[{\"@type\":\"ListItem\",\"position\":1,\"name\":\"Accueil\",\"item\":\"https:\/\/dreamymegane.com\/\"},{\"@type\":\"ListItem\",\"position\":2,\"name\":\"Qui suis-je ?\"}]},{\"@type\":\"WebSite\",\"@id\":\"https:\/\/dreamymegane.com\/#website\",\"url\":\"https:\/\/dreamymegane.com\/\",\"name\":\"dreamymegane.com\",\"description\":\"\",\"publisher\":{\"@id\":\"https:\/\/dreamymegane.com\/#\/schema\/person\/fcb4ff8a5fbc7f3e7c6d5b3bd0065ad2\"},\"potentialAction\":[{\"@type\":\"SearchAction\",\"target\":{\"@type\":\"EntryPoint\",\"urlTemplate\":\"https:\/\/dreamymegane.com\/?s={search_term_string}\"},\"query-input\":\"required name=search_term_string\"}],\"inLanguage\":\"en-US\"},{\"@type\":[\"Person\",\"Organization\"],\"@id\":\"https:\/\/dreamymegane.com\/#\/schema\/person\/fcb4ff8a5fbc7f3e7c6d5b3bd0065ad2\",\"name\":\"dreamymegane.com\",\"image\":{\"@type\":\"ImageObject\",\"inLanguage\":\"en-US\",\"@id\":\"https:\/\/dreamymegane.com\/#\/schema\/person\/image\/\",\"url\":\"http:\/\/dreamymegane.com\/wp-content\/uploads\/2023\/11\/logo-blog.png\",\"contentUrl\":\"http:\/\/dreamymegane.com\/wp-content\/uploads\/2023\/11\/logo-blog.png\",\"width\":445,\"height\":138,\"caption\":\"dreamymegane.com\"},\"logo\":{\"@id\":\"https:\/\/dreamymegane.com\/#\/schema\/person\/image\/\"},\"sameAs\":[\"http:\/\/dreamymegane.com\"]}]}<\/script>\n<!-- \/ Yoast SEO plugin. -->","yoast_head_json":{"title":"Qui suis-je ? - dreamymegane.com","description":"Sur ce blog, je partage avec vous mes astuces et retours d'exp\u00e9rience en Cor\u00e9e ! RDV sur la page \"Qui suis je\" pour d\u00e9couvrir mon parcours !","robots":{"index":"index","follow":"follow","max-snippet":"max-snippet:-1","max-image-preview":"max-image-preview:large","max-video-preview":"max-video-preview:-1"},"canonical":"https:\/\/dreamymegane.com\/index.php\/qui-suis-je\/","og_locale":"en_US","og_type":"article","og_title":"Qui suis-je ? - dreamymegane.com","og_description":"Sur ce blog, je partage avec vous mes astuces et retours d'exp\u00e9rience en Cor\u00e9e ! RDV sur la page \"Qui suis je\" pour d\u00e9couvrir mon parcours !","og_url":"https:\/\/dreamymegane.com\/index.php\/qui-suis-je\/","og_site_name":"dreamymegane.com","article_modified_time":"2023-11-30T15:06:11+00:00","og_image":[{"url":"https:\/\/dreamymegane.com\/wp-content\/uploads\/2023\/11\/qui-suis-je-2-1024x983.png"}],"twitter_card":"summary_large_image","twitter_misc":{"Est. reading time":"3 minutes"},"schema":{"@context":"https:\/\/schema.org","@graph":[{"@type":"WebPage","@id":"https:\/\/dreamymegane.com\/index.php\/qui-suis-je\/","url":"https:\/\/dreamymegane.com\/index.php\/qui-suis-je\/","name":"Qui suis-je ? - dreamymegane.com","isPartOf":{"@id":"https:\/\/dreamymegane.com\/#website"},"primaryImageOfPage":{"@id":"https:\/\/dreamymegane.com\/index.php\/qui-suis-je\/#primaryimage"},"image":{"@id":"https:\/\/dreamymegane.com\/index.php\/qui-suis-je\/#primaryimage"},"thumbnailUrl":"https:\/\/dreamymegane.com\/wp-content\/uploads\/2023\/11\/qui-suis-je-2-1024x983.png","datePublished":"2023-11-11T21:00:13+00:00","dateModified":"2023-11-30T15:06:11+00:00","description":"Sur ce blog, je partage avec vous mes astuces et retours d'exp\u00e9rience en Cor\u00e9e ! RDV sur la page \"Qui suis je\" pour d\u00e9couvrir mon parcours !","breadcrumb":{"@id":"https:\/\/dreamymegane.com\/index.php\/qui-suis-je\/#breadcrumb"},"inLanguage":"en-US","potentialAction":[{"@type":"ReadAction","target":["https:\/\/dreamymegane.com\/index.php\/qui-suis-je\/"]}]},{"@type":"ImageObject","inLanguage":"en-US","@id":"https:\/\/dreamymegane.com\/index.php\/qui-suis-je\/#primaryimage","url":"https:\/\/dreamymegane.com\/wp-content\/uploads\/2023\/11\/qui-suis-je-2.png","contentUrl":"https:\/\/dreamymegane.com\/wp-content\/uploads\/2023\/11\/qui-suis-je-2.png","width":1049,"height":1007},{"@type":"BreadcrumbList","@id":"https:\/\/dreamymegane.com\/index.php\/qui-suis-je\/#breadcrumb","itemListElement":[{"@type":"ListItem","position":1,"name":"Accueil","item":"https:\/\/dreamymegane.com\/"},{"@type":"ListItem","position":2,"name":"Qui suis-je ?"}]},{"@type":"WebSite","@id":"https:\/\/dreamymegane.com\/#website","url":"https:\/\/dreamymegane.com\/","name":"dreamymegane.com","description":"","publisher":{"@id":"https:\/\/dreamymegane.com\/#\/schema\/person\/fcb4ff8a5fbc7f3e7c6d5b3bd0065ad2"},"potentialAction":[{"@type":"SearchAction","target":{"@type":"EntryPoint","urlTemplate":"https:\/\/dreamymegane.com\/?s={search_term_string}"},"query-input":"required name=search_term_string"}],"inLanguage":"en-US"},{"@type":["Person","Organization"],"@id":"https:\/\/dreamymegane.com\/#\/schema\/person\/fcb4ff8a5fbc7f3e7c6d5b3bd0065ad2","name":"dreamymegane.com","image":{"@type":"ImageObject","inLanguage":"en-US","@id":"https:\/\/dreamymegane.com\/#\/schema\/person\/image\/","url":"http:\/\/dreamymegane.com\/wp-content\/uploads\/2023\/11\/logo-blog.png","contentUrl":"http:\/\/dreamymegane.com\/wp-content\/uploads\/2023\/11\/logo-blog.png","width":445,"height":138,"caption":"dreamymegane.com"},"logo":{"@id":"https:\/\/dreamymegane.com\/#\/schema\/person\/image\/"},"sameAs":["http:\/\/dreamymegane.com"]}]}},"_links":{"self":[{"href":"https:\/\/dreamymegane.com\/index.php\/wp-json\/wp\/v2\/pages\/17"}],"collection":[{"href":"https:\/\/dreamymegane.com\/index.php\/wp-json\/wp\/v2\/pages"}],"about":[{"href":"https:\/\/dreamymegane.com\/index.php\/wp-json\/wp\/v2\/types\/page"}],"author":[{"embeddable":true,"href":"https:\/\/dreamymegane.com\/index.php\/wp-json\/wp\/v2\/users\/1"}],"replies":[{"embeddable":true,"href":"https:\/\/dreamymegane.com\/index.php\/wp-json\/wp\/v2\/comments?post=17"}],"version-history":[{"count":9,"href":"https:\/\/dreamymegane.com\/index.php\/wp-json\/wp\/v2\/pages\/17\/revisions"}],"predecessor-version":[{"id":735,"href":"https:\/\/dreamymegane.com\/index.php\/wp-json\/wp\/v2\/pages\/17\/revisions\/735"}],"wp:attachment":[{"href":"https:\/\/dreamymegane.com\/index.php\/wp-json\/wp\/v2\/media?parent=17"}],"curies":[{"name":"wp","href":"https:\/\/api.w.org\/{rel}","templated":true}]}}