{"id":2919,"date":"2025-04-10T04:24:14","date_gmt":"2025-04-10T02:24:14","guid":{"rendered":"https:\/\/dreamymegane.com\/?page_id=2919"},"modified":"2025-04-10T04:24:14","modified_gmt":"2025-04-10T02:24:14","slug":"me-contacter","status":"publish","type":"page","link":"https:\/\/dreamymegane.com\/index.php\/me-contacter\/","title":{"rendered":"Me contacter"},"content":{"rendered":"\n<div class=\"wp-block-cover alignfull is-light has-parallax ona-hero\" style=\"min-height:330px\"><span aria-hidden=\"true\" class=\"wp-block-cover__background has-background-dim-30 has-background-dim\" style=\"background-color:#111111\"><\/span><div role=\"img\" class=\"wp-block-cover__image-background wp-image-607 has-parallax\" style=\"background-position:50% 50%;background-image:url(https:\/\/dreamymegane.com\/wp-content\/uploads\/2023\/11\/20210512_165519-2-scaled.jpg)\"><\/div><div class=\"wp-block-cover__inner-container is-layout-flow wp-block-cover-is-layout-flow\">\n<div class=\"wp-block-group is-layout-constrained wp-container-1 wp-block-group-is-layout-constrained\">\n<h1 class=\"wp-block-heading has-text-align-center has-light-color has-text-color has-x-large-font-size\" id=\"hello-i-m-ona-and-this-is-my-personal-travel-journal\">Me contacter<\/h1>\n<\/div>\n<\/div><\/div>\n\n\n\n<div class=\"wp-block-media-text alignwide has-media-on-the-right is-stacked-on-mobile is-vertically-aligned-center\" style=\"grid-template-columns:auto 31%\"><div class=\"wp-block-media-text__content\">\n<h1 class=\"wp-block-heading has-text-align-center is-style-ona-alt-font has-text-color has-medium-large-font-size\" id=\"my-travel-gear\" style=\"color:#df93af;line-height:1.2\">Bonjour&nbsp;!<\/h1>\n\n\n\n<p>Vous souhaitez me poser une question, proposer un partenariat ou une collaboration autour du tourisme ou plus g\u00e9n\u00e9ralement de la vie en Cor\u00e9e du Sud ? Je serais ravie d\u2019\u00e9changer avec vous !<\/p>\n\n\n\n<p>Que vous soyez une marque, une agence, un office du tourisme, un m\u00e9dia ou tout simplement une lectrice ou un lecteur curieux, n\u2019h\u00e9sitez pas \u00e0 me contacter !<\/p>\n\n\n\n<h4 class=\"wp-block-heading has-text-align-center has-text-color\" style=\"color:#df93af;margin-right:0;margin-left:0\">Mon email :<\/h4>\n\n\n\n<div class=\"wp-block-buttons is-horizontal is-content-justification-center is-layout-flex wp-container-3 wp-block-buttons-is-layout-flex\">\n<div class=\"wp-block-button has-custom-width wp-block-button__width-75 is-style-fill\"><a class=\"wp-block-button__link has-background has-text-align-center wp-element-button\" style=\"border-style:none;border-width:0px;border-radius:25px;background-color:#df93af;padding-top:var(--wp--preset--spacing--40);padding-right:0;padding-bottom:var(--wp--preset--spacing--40);padding-left:0\">dreamymegane@gmail.com<\/a><\/div>\n<\/div>\n<\/div><figure class=\"wp-block-media-text__media\"><img decoding=\"async\" width=\"1024\" height=\"983\" src=\"http:\/\/dreamymegane.com\/wp-content\/uploads\/2023\/11\/qui-suis-je-2-1024x983.png\" alt=\"\" class=\"wp-image-608 size-full\" srcset=\"https:\/\/dreamymegane.com\/wp-content\/uploads\/2023\/11\/qui-suis-je-2-1024x983.png 1024w, https:\/\/dreamymegane.com\/wp-content\/uploads\/2023\/11\/qui-suis-je-2-300x288.png 300w, https:\/\/dreamymegane.com\/wp-content\/uploads\/2023\/11\/qui-suis-je-2-768x737.png 768w, https:\/\/dreamymegane.com\/wp-content\/uploads\/2023\/11\/qui-suis-je-2.png 1049w\" sizes=\"(max-width: 1024px) 100vw, 1024px\" \/><\/figure><\/div>\n\n\n\n<div class=\"wp-block-media-text alignwide is-stacked-on-mobile is-vertically-aligned-center\" style=\"grid-template-columns:48% auto\"><figure class=\"wp-block-media-text__media\"><img decoding=\"async\" width=\"1024\" height=\"460\" src=\"https:\/\/dreamymegane.com\/wp-content\/uploads\/2023\/11\/qui-suis-je-1-1024x460.png\" alt=\"qui suis je\" class=\"wp-image-606 size-full\" srcset=\"https:\/\/dreamymegane.com\/wp-content\/uploads\/2023\/11\/qui-suis-je-1-1024x460.png 1024w, https:\/\/dreamymegane.com\/wp-content\/uploads\/2023\/11\/qui-suis-je-1-300x135.png 300w, https:\/\/dreamymegane.com\/wp-content\/uploads\/2023\/11\/qui-suis-je-1-768x345.png 768w, https:\/\/dreamymegane.com\/wp-content\/uploads\/2023\/11\/qui-suis-je-1-1536x690.png 1536w, https:\/\/dreamymegane.com\/wp-content\/uploads\/2023\/11\/qui-suis-je-1-1170x526.png 1170w, https:\/\/dreamymegane.com\/wp-content\/uploads\/2023\/11\/qui-suis-je-1.png 1920w\" sizes=\"(max-width: 1024px) 100vw, 1024px\" \/><\/figure><div class=\"wp-block-media-text__content\">\n<p>Je suis ouverte aux projets en lien avec :<\/p>\n\n\n\n<ul>\n<li>Le voyage et la culture en Cor\u00e9e du Sud<\/li>\n\n\n\n<li>L\u2019h\u00f4tellerie, les exp\u00e9riences locales, la gastronomie<\/li>\n\n\n\n<li>Les \u00e9v\u00e9nements ou campagnes de communication<\/li>\n<\/ul>\n\n\n\n<p>Chaque proposition est \u00e9tudi\u00e9e avec soin pour rester en coh\u00e9rence avec les valeurs du blog \ud83d\ude42<\/p>\n<\/div><\/div>\n\n\n\n<h1 class=\"wp-block-heading has-text-align-center is-style-ona-alt-font has-text-color\" style=\"color:#df93af\">Merci !<\/h1>\n\n\n\n<div class=\"wp-block-columns alignwide are-vertically-aligned-center is-layout-flex wp-container-5 wp-block-columns-is-layout-flex\">\n<div class=\"wp-block-column is-vertically-aligned-center is-layout-flow wp-block-column-is-layout-flow\">\n<div style=\"height:23px\" aria-hidden=\"true\" class=\"wp-block-spacer\"><\/div>\n<\/div>\n<\/div>\n","protected":false},"excerpt":{"rendered":"<p>Merci !<\/p>\n","protected":false},"author":1,"featured_media":0,"parent":0,"menu_order":0,"comment_status":"closed","ping_status":"closed","template":"","meta":{"_monsterinsights_skip_tracking":false,"_monsterinsights_sitenote_active":false,"_monsterinsights_sitenote_note":"","_monsterinsights_sitenote_category":0,"footnotes":""},"yoast_head":"<!-- This site is optimized with the Yoast SEO plugin v22.4 - https:\/\/yoast.com\/wordpress\/plugins\/seo\/ -->\n<title>Me contacter - dreamymegane.com<\/title>\n<meta name=\"description\" content=\"Vous souhaitez me poser une question, proposer un partenariat autour du tourisme en Cor\u00e9e du Sud ? Je serais ravie d\u2019\u00e9changer avec vous !\" \/>\n<meta name=\"robots\" content=\"index, follow, max-snippet:-1, max-image-preview:large, max-video-preview:-1\" \/>\n<link rel=\"canonical\" href=\"https:\/\/dreamymegane.com\/index.php\/me-contacter\/\" \/>\n<meta property=\"og:locale\" content=\"en_US\" \/>\n<meta property=\"og:type\" content=\"article\" \/>\n<meta property=\"og:title\" content=\"Me contacter - dreamymegane.com\" \/>\n<meta property=\"og:description\" content=\"Vous souhaitez me poser une question, proposer un partenariat autour du tourisme en Cor\u00e9e du Sud ? Je serais ravie d\u2019\u00e9changer avec vous !\" \/>\n<meta property=\"og:url\" content=\"https:\/\/dreamymegane.com\/index.php\/me-contacter\/\" \/>\n<meta property=\"og:site_name\" content=\"dreamymegane.com\" \/>\n<meta property=\"og:image\" content=\"http:\/\/dreamymegane.com\/wp-content\/uploads\/2023\/11\/qui-suis-je-2-1024x983.png\" \/>\n<meta name=\"twitter:card\" content=\"summary_large_image\" \/>\n<meta name=\"twitter:label1\" content=\"Est. reading time\" \/>\n\t<meta name=\"twitter:data1\" content=\"1 minute\" \/>\n<script type=\"application\/ld+json\" class=\"yoast-schema-graph\">{\"@context\":\"https:\/\/schema.org\",\"@graph\":[{\"@type\":\"WebPage\",\"@id\":\"https:\/\/dreamymegane.com\/index.php\/me-contacter\/\",\"url\":\"https:\/\/dreamymegane.com\/index.php\/me-contacter\/\",\"name\":\"Me contacter - dreamymegane.com\",\"isPartOf\":{\"@id\":\"https:\/\/dreamymegane.com\/#website\"},\"primaryImageOfPage\":{\"@id\":\"https:\/\/dreamymegane.com\/index.php\/me-contacter\/#primaryimage\"},\"image\":{\"@id\":\"https:\/\/dreamymegane.com\/index.php\/me-contacter\/#primaryimage\"},\"thumbnailUrl\":\"http:\/\/dreamymegane.com\/wp-content\/uploads\/2023\/11\/qui-suis-je-2-1024x983.png\",\"datePublished\":\"2025-04-10T02:24:14+00:00\",\"dateModified\":\"2025-04-10T02:24:14+00:00\",\"description\":\"Vous souhaitez me poser une question, proposer un partenariat autour du tourisme en Cor\u00e9e du Sud ? Je serais ravie d\u2019\u00e9changer avec vous !\",\"breadcrumb\":{\"@id\":\"https:\/\/dreamymegane.com\/index.php\/me-contacter\/#breadcrumb\"},\"inLanguage\":\"en-US\",\"potentialAction\":[{\"@type\":\"ReadAction\",\"target\":[\"https:\/\/dreamymegane.com\/index.php\/me-contacter\/\"]}]},{\"@type\":\"ImageObject\",\"inLanguage\":\"en-US\",\"@id\":\"https:\/\/dreamymegane.com\/index.php\/me-contacter\/#primaryimage\",\"url\":\"https:\/\/dreamymegane.com\/wp-content\/uploads\/2023\/11\/qui-suis-je-2.png\",\"contentUrl\":\"https:\/\/dreamymegane.com\/wp-content\/uploads\/2023\/11\/qui-suis-je-2.png\",\"width\":1049,\"height\":1007},{\"@type\":\"BreadcrumbList\",\"@id\":\"https:\/\/dreamymegane.com\/index.php\/me-contacter\/#breadcrumb\",\"itemListElement\":[{\"@type\":\"ListItem\",\"position\":1,\"name\":\"Accueil\",\"item\":\"https:\/\/dreamymegane.com\/\"},{\"@type\":\"ListItem\",\"position\":2,\"name\":\"Me contacter\"}]},{\"@type\":\"WebSite\",\"@id\":\"https:\/\/dreamymegane.com\/#website\",\"url\":\"https:\/\/dreamymegane.com\/\",\"name\":\"dreamymegane.com\",\"description\":\"\",\"publisher\":{\"@id\":\"https:\/\/dreamymegane.com\/#\/schema\/person\/fcb4ff8a5fbc7f3e7c6d5b3bd0065ad2\"},\"potentialAction\":[{\"@type\":\"SearchAction\",\"target\":{\"@type\":\"EntryPoint\",\"urlTemplate\":\"https:\/\/dreamymegane.com\/?s={search_term_string}\"},\"query-input\":\"required name=search_term_string\"}],\"inLanguage\":\"en-US\"},{\"@type\":[\"Person\",\"Organization\"],\"@id\":\"https:\/\/dreamymegane.com\/#\/schema\/person\/fcb4ff8a5fbc7f3e7c6d5b3bd0065ad2\",\"name\":\"dreamymegane.com\",\"image\":{\"@type\":\"ImageObject\",\"inLanguage\":\"en-US\",\"@id\":\"https:\/\/dreamymegane.com\/#\/schema\/person\/image\/\",\"url\":\"http:\/\/dreamymegane.com\/wp-content\/uploads\/2023\/11\/logo-blog.png\",\"contentUrl\":\"http:\/\/dreamymegane.com\/wp-content\/uploads\/2023\/11\/logo-blog.png\",\"width\":445,\"height\":138,\"caption\":\"dreamymegane.com\"},\"logo\":{\"@id\":\"https:\/\/dreamymegane.com\/#\/schema\/person\/image\/\"},\"sameAs\":[\"http:\/\/dreamymegane.com\"]}]}<\/script>\n<!-- \/ Yoast SEO plugin. -->","yoast_head_json":{"title":"Me contacter - dreamymegane.com","description":"Vous souhaitez me poser une question, proposer un partenariat autour du tourisme en Cor\u00e9e du Sud ? Je serais ravie d\u2019\u00e9changer avec vous !","robots":{"index":"index","follow":"follow","max-snippet":"max-snippet:-1","max-image-preview":"max-image-preview:large","max-video-preview":"max-video-preview:-1"},"canonical":"https:\/\/dreamymegane.com\/index.php\/me-contacter\/","og_locale":"en_US","og_type":"article","og_title":"Me contacter - dreamymegane.com","og_description":"Vous souhaitez me poser une question, proposer un partenariat autour du tourisme en Cor\u00e9e du Sud ? Je serais ravie d\u2019\u00e9changer avec vous !","og_url":"https:\/\/dreamymegane.com\/index.php\/me-contacter\/","og_site_name":"dreamymegane.com","og_image":[{"url":"http:\/\/dreamymegane.com\/wp-content\/uploads\/2023\/11\/qui-suis-je-2-1024x983.png"}],"twitter_card":"summary_large_image","twitter_misc":{"Est. reading time":"1 minute"},"schema":{"@context":"https:\/\/schema.org","@graph":[{"@type":"WebPage","@id":"https:\/\/dreamymegane.com\/index.php\/me-contacter\/","url":"https:\/\/dreamymegane.com\/index.php\/me-contacter\/","name":"Me contacter - dreamymegane.com","isPartOf":{"@id":"https:\/\/dreamymegane.com\/#website"},"primaryImageOfPage":{"@id":"https:\/\/dreamymegane.com\/index.php\/me-contacter\/#primaryimage"},"image":{"@id":"https:\/\/dreamymegane.com\/index.php\/me-contacter\/#primaryimage"},"thumbnailUrl":"http:\/\/dreamymegane.com\/wp-content\/uploads\/2023\/11\/qui-suis-je-2-1024x983.png","datePublished":"2025-04-10T02:24:14+00:00","dateModified":"2025-04-10T02:24:14+00:00","description":"Vous souhaitez me poser une question, proposer un partenariat autour du tourisme en Cor\u00e9e du Sud ? Je serais ravie d\u2019\u00e9changer avec vous !","breadcrumb":{"@id":"https:\/\/dreamymegane.com\/index.php\/me-contacter\/#breadcrumb"},"inLanguage":"en-US","potentialAction":[{"@type":"ReadAction","target":["https:\/\/dreamymegane.com\/index.php\/me-contacter\/"]}]},{"@type":"ImageObject","inLanguage":"en-US","@id":"https:\/\/dreamymegane.com\/index.php\/me-contacter\/#primaryimage","url":"https:\/\/dreamymegane.com\/wp-content\/uploads\/2023\/11\/qui-suis-je-2.png","contentUrl":"https:\/\/dreamymegane.com\/wp-content\/uploads\/2023\/11\/qui-suis-je-2.png","width":1049,"height":1007},{"@type":"BreadcrumbList","@id":"https:\/\/dreamymegane.com\/index.php\/me-contacter\/#breadcrumb","itemListElement":[{"@type":"ListItem","position":1,"name":"Accueil","item":"https:\/\/dreamymegane.com\/"},{"@type":"ListItem","position":2,"name":"Me contacter"}]},{"@type":"WebSite","@id":"https:\/\/dreamymegane.com\/#website","url":"https:\/\/dreamymegane.com\/","name":"dreamymegane.com","description":"","publisher":{"@id":"https:\/\/dreamymegane.com\/#\/schema\/person\/fcb4ff8a5fbc7f3e7c6d5b3bd0065ad2"},"potentialAction":[{"@type":"SearchAction","target":{"@type":"EntryPoint","urlTemplate":"https:\/\/dreamymegane.com\/?s={search_term_string}"},"query-input":"required name=search_term_string"}],"inLanguage":"en-US"},{"@type":["Person","Organization"],"@id":"https:\/\/dreamymegane.com\/#\/schema\/person\/fcb4ff8a5fbc7f3e7c6d5b3bd0065ad2","name":"dreamymegane.com","image":{"@type":"ImageObject","inLanguage":"en-US","@id":"https:\/\/dreamymegane.com\/#\/schema\/person\/image\/","url":"http:\/\/dreamymegane.com\/wp-content\/uploads\/2023\/11\/logo-blog.png","contentUrl":"http:\/\/dreamymegane.com\/wp-content\/uploads\/2023\/11\/logo-blog.png","width":445,"height":138,"caption":"dreamymegane.com"},"logo":{"@id":"https:\/\/dreamymegane.com\/#\/schema\/person\/image\/"},"sameAs":["http:\/\/dreamymegane.com"]}]}},"_links":{"self":[{"href":"https:\/\/dreamymegane.com\/index.php\/wp-json\/wp\/v2\/pages\/2919"}],"collection":[{"href":"https:\/\/dreamymegane.com\/index.php\/wp-json\/wp\/v2\/pages"}],"about":[{"href":"https:\/\/dreamymegane.com\/index.php\/wp-json\/wp\/v2\/types\/page"}],"author":[{"embeddable":true,"href":"https:\/\/dreamymegane.com\/index.php\/wp-json\/wp\/v2\/users\/1"}],"replies":[{"embeddable":true,"href":"https:\/\/dreamymegane.com\/index.php\/wp-json\/wp\/v2\/comments?post=2919"}],"version-history":[{"count":1,"href":"https:\/\/dreamymegane.com\/index.php\/wp-json\/wp\/v2\/pages\/2919\/revisions"}],"predecessor-version":[{"id":2920,"href":"https:\/\/dreamymegane.com\/index.php\/wp-json\/wp\/v2\/pages\/2919\/revisions\/2920"}],"wp:attachment":[{"href":"https:\/\/dreamymegane.com\/index.php\/wp-json\/wp\/v2\/media?parent=2919"}],"curies":[{"name":"wp","href":"https:\/\/api.w.org\/{rel}","templated":true}]}}